{"id":425,"date":"2022-12-17T17:27:08","date_gmt":"2022-12-17T14:27:08","guid":{"rendered":"https:\/\/www.vgdesignart.com\/bahadirhukuk\/?page_id=425"},"modified":"2022-12-22T10:40:46","modified_gmt":"2022-12-22T07:40:46","slug":"blog","status":"publish","type":"page","link":"https:\/\/www.vgdesignart.com\/bahadirhukuk\/blog\/","title":{"rendered":"Blog"},"content":{"rendered":"\t\t<div data-elementor-type=\"wp-page\" data-elementor-id=\"425\" class=\"elementor elementor-425\" data-elementor-post-type=\"page\">\n\t\t\t\t\t\t<section class=\"elementor-section elementor-top-section elementor-element elementor-element-db685c5 elementor-section-boxed elementor-section-height-default elementor-section-height-default\" data-id=\"db685c5\" data-element_type=\"section\" data-settings=\"{&quot;background_background&quot;:&quot;gradient&quot;}\">\n\t\t\t\t\t\t\t<div class=\"elementor-background-overlay\"><\/div>\n\t\t\t\t\t\t\t<div class=\"elementor-container elementor-column-gap-default\">\n\t\t\t\t\t<div class=\"elementor-column elementor-col-100 elementor-top-column elementor-element elementor-element-f6db29c\" data-id=\"f6db29c\" data-element_type=\"column\">\n\t\t\t<div class=\"elementor-widget-wrap elementor-element-populated\">\n\t\t\t\t\t\t<div class=\"elementor-element elementor-element-cd93327 elementor-grid-3 elementor-grid-tablet-2 elementor-grid-mobile-1 elementor-posts--thumbnail-top elementor-posts--show-avatar elementor-card-shadow-yes elementor-posts__hover-gradient elementor-widget elementor-widget-posts\" data-id=\"cd93327\" data-element_type=\"widget\" data-settings=\"{&quot;cards_row_gap&quot;:{&quot;unit&quot;:&quot;px&quot;,&quot;size&quot;:20,&quot;sizes&quot;:[]},&quot;pagination_type&quot;:&quot;load_more_infinite_scroll&quot;,&quot;cards_columns&quot;:&quot;3&quot;,&quot;cards_columns_tablet&quot;:&quot;2&quot;,&quot;cards_columns_mobile&quot;:&quot;1&quot;,&quot;cards_row_gap_tablet&quot;:{&quot;unit&quot;:&quot;px&quot;,&quot;size&quot;:&quot;&quot;,&quot;sizes&quot;:[]},&quot;cards_row_gap_mobile&quot;:{&quot;unit&quot;:&quot;px&quot;,&quot;size&quot;:&quot;&quot;,&quot;sizes&quot;:[]},&quot;load_more_spinner&quot;:{&quot;value&quot;:&quot;fas fa-spinner&quot;,&quot;library&quot;:&quot;fa-solid&quot;}}\" data-widget_type=\"posts.cards\">\n\t\t\t\t<div class=\"elementor-widget-container\">\n\t\t\t<link rel=\"stylesheet\" href=\"https:\/\/www.vgdesignart.com\/bahadirhukuk\/wp-content\/plugins\/elementor-pro\/assets\/css\/widget-posts.min.css\">\t\t<div class=\"elementor-posts-container elementor-posts elementor-posts--skin-cards elementor-grid\">\n\t\t\t\t<article class=\"elementor-post elementor-grid-item post-449 post type-post status-publish format-standard has-post-thumbnail hentry category-genel\">\n\t\t\t<div class=\"elementor-post__card\">\n\t\t\t\t<a class=\"elementor-post__thumbnail__link\" href=\"https:\/\/www.vgdesignart.com\/bahadirhukuk\/ticaret-hukuku-nedir\/\" tabindex=\"-1\" ><div class=\"elementor-post__thumbnail\"><img fetchpriority=\"high\" decoding=\"async\" width=\"768\" height=\"512\" src=\"https:\/\/www.vgdesignart.com\/bahadirhukuk\/wp-content\/uploads\/2022\/12\/ticaret-hukuku-1-768x512.webp\" class=\"attachment-medium_large size-medium_large wp-image-316\" alt=\"\" srcset=\"https:\/\/www.vgdesignart.com\/bahadirhukuk\/wp-content\/uploads\/2022\/12\/ticaret-hukuku-1-768x512.webp 768w, https:\/\/www.vgdesignart.com\/bahadirhukuk\/wp-content\/uploads\/2022\/12\/ticaret-hukuku-1-300x200.webp 300w, https:\/\/www.vgdesignart.com\/bahadirhukuk\/wp-content\/uploads\/2022\/12\/ticaret-hukuku-1.webp 886w\" sizes=\"(max-width: 768px) 100vw, 768px\" \/><\/div><\/a>\n\t\t\t\t<div class=\"elementor-post__avatar\">\n\t\t\t\t\t<\/div>\n\t\t\t\t<div class=\"elementor-post__text\">\n\t\t\t\t<h3 class=\"elementor-post__title\">\n\t\t\t<a href=\"https:\/\/www.vgdesignart.com\/bahadirhukuk\/ticaret-hukuku-nedir\/\" >\n\t\t\t\tTicaret Hukuku\t\t\t<\/a>\n\t\t<\/h3>\n\t\t\t\t<div class=\"elementor-post__excerpt\">\n\t\t\t<p>Ticaret hukuku; bir ger\u00e7ek ki\u015fi veya t\u00fczel ki\u015fi tacirin ticari i\u015f ve i\u015flemlerini y\u00fcr\u00fctme veya ticari ili\u015fkilerini geli\u015ftirme, b\u00fcy\u00fctme, ticari i\u015fle alakal\u0131 do\u011fru analizleri yapabilmesi ad\u0131na ihtiya\u00e7 duydu\u011fu ticari hayata \u00f6zg\u00fc hukuk kurallar\u0131 b\u00fct\u00fcn\u00fcd\u00fcr.<\/p>\n\t\t<\/div>\n\t\t\t\t\t<div class=\"elementor-post__read-more-wrapper\">\n\t\t\n\t\t<a class=\"elementor-post__read-more\" href=\"https:\/\/www.vgdesignart.com\/bahadirhukuk\/ticaret-hukuku-nedir\/\" aria-label=\"Read more about Ticaret Hukuku\" tabindex=\"-1\" >\n\t\t\tDevam\u0131n\u0131 oku\t\t<\/a>\n\n\t\t\t\t\t<\/div>\n\t\t\t\t<\/div>\n\t\t\t\t<div class=\"elementor-post__meta-data\">\n\t\t\t\t\t<span class=\"elementor-post-date\">\n\t\t\t17\/12\/2022\t\t<\/span>\n\t\t\t\t<\/div>\n\t\t\t\t\t<\/div>\n\t\t<\/article>\n\t\t\t\t<article class=\"elementor-post elementor-grid-item post-1162 post type-post status-publish format-standard has-post-thumbnail hentry category-genel\">\n\t\t\t<div class=\"elementor-post__card\">\n\t\t\t\t<a class=\"elementor-post__thumbnail__link\" href=\"https:\/\/www.vgdesignart.com\/bahadirhukuk\/is-ve-sosyal-guvenlik-hukuku\/\" tabindex=\"-1\" ><div class=\"elementor-post__thumbnail\"><img decoding=\"async\" width=\"768\" height=\"512\" src=\"https:\/\/www.vgdesignart.com\/bahadirhukuk\/wp-content\/uploads\/2023\/03\/is_ve_sosyal_guvenlik_hukuku-768x512.webp\" class=\"attachment-medium_large size-medium_large wp-image-1164\" alt=\"\" srcset=\"https:\/\/www.vgdesignart.com\/bahadirhukuk\/wp-content\/uploads\/2023\/03\/is_ve_sosyal_guvenlik_hukuku-768x512.webp 768w, https:\/\/www.vgdesignart.com\/bahadirhukuk\/wp-content\/uploads\/2023\/03\/is_ve_sosyal_guvenlik_hukuku-300x200.webp 300w, https:\/\/www.vgdesignart.com\/bahadirhukuk\/wp-content\/uploads\/2023\/03\/is_ve_sosyal_guvenlik_hukuku.webp 1000w\" sizes=\"(max-width: 768px) 100vw, 768px\" \/><\/div><\/a>\n\t\t\t\t<div class=\"elementor-post__avatar\">\n\t\t\t\t\t<\/div>\n\t\t\t\t<div class=\"elementor-post__text\">\n\t\t\t\t<h3 class=\"elementor-post__title\">\n\t\t\t<a href=\"https:\/\/www.vgdesignart.com\/bahadirhukuk\/is-ve-sosyal-guvenlik-hukuku\/\" >\n\t\t\t\t\u0130\u015f ve Sosyal G\u00fcvenlik Hukuku\t\t\t<\/a>\n\t\t<\/h3>\n\t\t\t\t<div class=\"elementor-post__excerpt\">\n\t\t\t<p>\u0130\u015f Hukuku, i\u015f\u00e7i ve i\u015fveren aras\u0131ndaki ili\u015fkileri hukuki zeminde d\u00fczenleyen, i\u015f\u00e7i ve i\u015fveren haklar\u0131n\u0131 ortaya koyan hukuk dal\u0131d\u0131r.<\/p>\n\t\t<\/div>\n\t\t\t\t\t<div class=\"elementor-post__read-more-wrapper\">\n\t\t\n\t\t<a class=\"elementor-post__read-more\" href=\"https:\/\/www.vgdesignart.com\/bahadirhukuk\/is-ve-sosyal-guvenlik-hukuku\/\" aria-label=\"Read more about \u0130\u015f ve Sosyal G\u00fcvenlik Hukuku\" tabindex=\"-1\" >\n\t\t\tDevam\u0131n\u0131 oku\t\t<\/a>\n\n\t\t\t\t\t<\/div>\n\t\t\t\t<\/div>\n\t\t\t\t<div class=\"elementor-post__meta-data\">\n\t\t\t\t\t<span class=\"elementor-post-date\">\n\t\t\t06\/03\/2023\t\t<\/span>\n\t\t\t\t<\/div>\n\t\t\t\t\t<\/div>\n\t\t<\/article>\n\t\t\t\t<article class=\"elementor-post elementor-grid-item post-1165 post type-post status-publish format-standard has-post-thumbnail hentry category-genel\">\n\t\t\t<div class=\"elementor-post__card\">\n\t\t\t\t<a class=\"elementor-post__thumbnail__link\" href=\"https:\/\/www.vgdesignart.com\/bahadirhukuk\/miras-hukuku\/\" tabindex=\"-1\" ><div class=\"elementor-post__thumbnail\"><img decoding=\"async\" width=\"768\" height=\"512\" src=\"https:\/\/www.vgdesignart.com\/bahadirhukuk\/wp-content\/uploads\/2022\/12\/miras-hukuku-768x512.webp\" class=\"attachment-medium_large size-medium_large wp-image-328\" alt=\"\" srcset=\"https:\/\/www.vgdesignart.com\/bahadirhukuk\/wp-content\/uploads\/2022\/12\/miras-hukuku-768x512.webp 768w, https:\/\/www.vgdesignart.com\/bahadirhukuk\/wp-content\/uploads\/2022\/12\/miras-hukuku-300x200.webp 300w, https:\/\/www.vgdesignart.com\/bahadirhukuk\/wp-content\/uploads\/2022\/12\/miras-hukuku.webp 886w\" sizes=\"(max-width: 768px) 100vw, 768px\" \/><\/div><\/a>\n\t\t\t\t<div class=\"elementor-post__avatar\">\n\t\t\t\t\t<\/div>\n\t\t\t\t<div class=\"elementor-post__text\">\n\t\t\t\t<h3 class=\"elementor-post__title\">\n\t\t\t<a href=\"https:\/\/www.vgdesignart.com\/bahadirhukuk\/miras-hukuku\/\" >\n\t\t\t\tMiras Hukuku\t\t\t<\/a>\n\t\t<\/h3>\n\t\t\t\t<div class=\"elementor-post__excerpt\">\n\t\t\t<p>Ger\u00e7ek ki\u015fi miras b\u0131rakan\u0131n \u00f6l\u00fcm\u00fc, gaipli\u011fi veya \u00f6l\u00fcm karinesinin kabul\u00fc halinde mal varl\u0131\u011f\u0131n\u0131n intikalini hukuka uygun d\u00fczeyde ger\u00e7ekle\u015ftirmeyi ama\u00e7layan bir \u00f6zel hukuk dal\u0131d\u0131r.<\/p>\n\t\t<\/div>\n\t\t\t\t\t<div class=\"elementor-post__read-more-wrapper\">\n\t\t\n\t\t<a class=\"elementor-post__read-more\" href=\"https:\/\/www.vgdesignart.com\/bahadirhukuk\/miras-hukuku\/\" aria-label=\"Read more about Miras Hukuku\" tabindex=\"-1\" >\n\t\t\tDevam\u0131n\u0131 oku\t\t<\/a>\n\n\t\t\t\t\t<\/div>\n\t\t\t\t<\/div>\n\t\t\t\t<div class=\"elementor-post__meta-data\">\n\t\t\t\t\t<span class=\"elementor-post-date\">\n\t\t\t06\/03\/2023\t\t<\/span>\n\t\t\t\t<\/div>\n\t\t\t\t\t<\/div>\n\t\t<\/article>\n\t\t\t\t<article class=\"elementor-post elementor-grid-item post-1168 post type-post status-publish format-standard has-post-thumbnail hentry category-genel\">\n\t\t\t<div class=\"elementor-post__card\">\n\t\t\t\t<a class=\"elementor-post__thumbnail__link\" href=\"https:\/\/www.vgdesignart.com\/bahadirhukuk\/gayrimenkul-hukuku\/\" tabindex=\"-1\" ><div class=\"elementor-post__thumbnail\"><img loading=\"lazy\" decoding=\"async\" width=\"768\" height=\"512\" src=\"https:\/\/www.vgdesignart.com\/bahadirhukuk\/wp-content\/uploads\/2023\/03\/gayrimenkul_hukuku-768x512.webp\" class=\"attachment-medium_large size-medium_large wp-image-1169\" alt=\"\" srcset=\"https:\/\/www.vgdesignart.com\/bahadirhukuk\/wp-content\/uploads\/2023\/03\/gayrimenkul_hukuku-768x512.webp 768w, https:\/\/www.vgdesignart.com\/bahadirhukuk\/wp-content\/uploads\/2023\/03\/gayrimenkul_hukuku-300x200.webp 300w, https:\/\/www.vgdesignart.com\/bahadirhukuk\/wp-content\/uploads\/2023\/03\/gayrimenkul_hukuku.webp 1000w\" sizes=\"(max-width: 768px) 100vw, 768px\" \/><\/div><\/a>\n\t\t\t\t<div class=\"elementor-post__avatar\">\n\t\t\t\t\t<\/div>\n\t\t\t\t<div class=\"elementor-post__text\">\n\t\t\t\t<h3 class=\"elementor-post__title\">\n\t\t\t<a href=\"https:\/\/www.vgdesignart.com\/bahadirhukuk\/gayrimenkul-hukuku\/\" >\n\t\t\t\tGayrimenkul Hukuku\t\t\t<\/a>\n\t\t<\/h3>\n\t\t\t\t<div class=\"elementor-post__excerpt\">\n\t\t\t<p>Anayasal bir hak olan m\u00fclkiyet hakk\u0131n\u0131 g\u00fcvence alt\u0131na almay\u0131 hedefleyen ta\u015f\u0131nmaz ile ilgili hukuki uyu\u015fmazl\u0131klar\u0131n \u00e7\u00f6z\u00fclmesini sa\u011flayan hukuk dal\u0131d\u0131r.<\/p>\n\t\t<\/div>\n\t\t\t\t\t<div class=\"elementor-post__read-more-wrapper\">\n\t\t\n\t\t<a class=\"elementor-post__read-more\" href=\"https:\/\/www.vgdesignart.com\/bahadirhukuk\/gayrimenkul-hukuku\/\" aria-label=\"Read more about Gayrimenkul Hukuku\" tabindex=\"-1\" >\n\t\t\tDevam\u0131n\u0131 oku\t\t<\/a>\n\n\t\t\t\t\t<\/div>\n\t\t\t\t<\/div>\n\t\t\t\t<div class=\"elementor-post__meta-data\">\n\t\t\t\t\t<span class=\"elementor-post-date\">\n\t\t\t06\/03\/2023\t\t<\/span>\n\t\t\t\t<\/div>\n\t\t\t\t\t<\/div>\n\t\t<\/article>\n\t\t\t\t<article class=\"elementor-post elementor-grid-item post-1171 post type-post status-publish format-standard has-post-thumbnail hentry category-genel\">\n\t\t\t<div class=\"elementor-post__card\">\n\t\t\t\t<a class=\"elementor-post__thumbnail__link\" href=\"https:\/\/www.vgdesignart.com\/bahadirhukuk\/kira-hukuku\/\" tabindex=\"-1\" ><div class=\"elementor-post__thumbnail\"><img loading=\"lazy\" decoding=\"async\" width=\"768\" height=\"512\" src=\"https:\/\/www.vgdesignart.com\/bahadirhukuk\/wp-content\/uploads\/2023\/03\/kira_hukuku-768x512.webp\" class=\"attachment-medium_large size-medium_large wp-image-1172\" alt=\"\" srcset=\"https:\/\/www.vgdesignart.com\/bahadirhukuk\/wp-content\/uploads\/2023\/03\/kira_hukuku-768x512.webp 768w, https:\/\/www.vgdesignart.com\/bahadirhukuk\/wp-content\/uploads\/2023\/03\/kira_hukuku-300x200.webp 300w, https:\/\/www.vgdesignart.com\/bahadirhukuk\/wp-content\/uploads\/2023\/03\/kira_hukuku.webp 1000w\" sizes=\"(max-width: 768px) 100vw, 768px\" \/><\/div><\/a>\n\t\t\t\t<div class=\"elementor-post__avatar\">\n\t\t\t\t\t<\/div>\n\t\t\t\t<div class=\"elementor-post__text\">\n\t\t\t\t<h3 class=\"elementor-post__title\">\n\t\t\t<a href=\"https:\/\/www.vgdesignart.com\/bahadirhukuk\/kira-hukuku\/\" >\n\t\t\t\tKira Hukuku\t\t\t<\/a>\n\t\t<\/h3>\n\t\t\t\t<div class=\"elementor-post__excerpt\">\n\t\t\t<p>Kiraya veren ile kirac\u0131 aras\u0131ndaki hukuki ili\u015fkiyi d\u00fczenleyen ve uyu\u015fmazl\u0131klar\u0131 \u00e7\u00f6zen hukuk dal\u0131d\u0131r.<\/p>\n\t\t<\/div>\n\t\t\t\t\t<div class=\"elementor-post__read-more-wrapper\">\n\t\t\n\t\t<a class=\"elementor-post__read-more\" href=\"https:\/\/www.vgdesignart.com\/bahadirhukuk\/kira-hukuku\/\" aria-label=\"Read more about Kira Hukuku\" tabindex=\"-1\" >\n\t\t\tDevam\u0131n\u0131 oku\t\t<\/a>\n\n\t\t\t\t\t<\/div>\n\t\t\t\t<\/div>\n\t\t\t\t<div class=\"elementor-post__meta-data\">\n\t\t\t\t\t<span class=\"elementor-post-date\">\n\t\t\t06\/03\/2023\t\t<\/span>\n\t\t\t\t<\/div>\n\t\t\t\t\t<\/div>\n\t\t<\/article>\n\t\t\t\t<article class=\"elementor-post elementor-grid-item post-446 post type-post status-publish format-standard has-post-thumbnail hentry category-genel tag-ceza-hukuku\">\n\t\t\t<div class=\"elementor-post__card\">\n\t\t\t\t<a class=\"elementor-post__thumbnail__link\" href=\"https:\/\/www.vgdesignart.com\/bahadirhukuk\/ceza-hukuku-nedir\/\" tabindex=\"-1\" ><div class=\"elementor-post__thumbnail\"><img loading=\"lazy\" decoding=\"async\" width=\"768\" height=\"432\" src=\"https:\/\/www.vgdesignart.com\/bahadirhukuk\/wp-content\/uploads\/2022\/12\/ceza-hukuku-hizmeti-768x432.webp\" class=\"attachment-medium_large size-medium_large wp-image-827\" alt=\"\" srcset=\"https:\/\/www.vgdesignart.com\/bahadirhukuk\/wp-content\/uploads\/2022\/12\/ceza-hukuku-hizmeti-768x432.webp 768w, https:\/\/www.vgdesignart.com\/bahadirhukuk\/wp-content\/uploads\/2022\/12\/ceza-hukuku-hizmeti-300x169.webp 300w, https:\/\/www.vgdesignart.com\/bahadirhukuk\/wp-content\/uploads\/2022\/12\/elementor\/thumbs\/ceza-hukuku-hizmeti-pzhszqphuc1bmo1cmr4o54x6lhzv4xi30pskfook4w.webp 500w, https:\/\/www.vgdesignart.com\/bahadirhukuk\/wp-content\/uploads\/2022\/12\/ceza-hukuku-hizmeti.webp 1000w\" sizes=\"(max-width: 768px) 100vw, 768px\" \/><\/div><\/a>\n\t\t\t\t<div class=\"elementor-post__avatar\">\n\t\t\t\t\t<\/div>\n\t\t\t\t<div class=\"elementor-post__text\">\n\t\t\t\t<h3 class=\"elementor-post__title\">\n\t\t\t<a href=\"https:\/\/www.vgdesignart.com\/bahadirhukuk\/ceza-hukuku-nedir\/\" >\n\t\t\t\tCeza Hukuku\t\t\t<\/a>\n\t\t<\/h3>\n\t\t\t\t<div class=\"elementor-post__excerpt\">\n\t\t\t<p>Kanunen su\u00e7 te\u015fkil eden bir davran\u0131\u015f\u0131n su\u00e7lunun \u0131slah\u0131n\u0131 sa\u011flamak, toplumda adaleti tesis etmek ve ma\u011fdurlar\u0131n \u00f6\u00e7 alma duygular\u0131n\u0131 so\u011futmak b\u00f6ylece bireysel adaleti de\u011fil hukuk normlar\u0131na ve insan haklar\u0131na uygun \u015fekilde adaleti tesis etmek amac\u0131yla yapt\u0131r\u0131m d\u00fczenleyen kamu hukuku dal\u0131d\u0131r.<\/p>\n\t\t<\/div>\n\t\t\t\t\t<div class=\"elementor-post__read-more-wrapper\">\n\t\t\n\t\t<a class=\"elementor-post__read-more\" href=\"https:\/\/www.vgdesignart.com\/bahadirhukuk\/ceza-hukuku-nedir\/\" aria-label=\"Read more about Ceza Hukuku\" tabindex=\"-1\" >\n\t\t\tDevam\u0131n\u0131 oku\t\t<\/a>\n\n\t\t\t\t\t<\/div>\n\t\t\t\t<\/div>\n\t\t\t\t<div class=\"elementor-post__meta-data\">\n\t\t\t\t\t<span class=\"elementor-post-date\">\n\t\t\t17\/12\/2022\t\t<\/span>\n\t\t\t\t<\/div>\n\t\t\t\t\t<\/div>\n\t\t<\/article>\n\t\t\t\t<\/div>\n\t\t\t\t\t<span class=\"e-load-more-spinner\">\n\t\t\t\t<i aria-hidden=\"true\" class=\"fas fa-spinner\"><\/i>\t\t\t<\/span>\n\t\t\n\t\t\t\t<div class=\"e-load-more-anchor\" data-page=\"1\" data-max-page=\"2\" data-next-page=\"https:\/\/www.vgdesignart.com\/bahadirhukuk\/wp-json\/wp\/v2\/pages\/425\/page\/2\/\"><\/div>\n\t\t\t\t<div class=\"e-load-more-message\"><\/div>\n\t\t\t\t<\/div>\n\t\t\t\t<\/div>\n\t\t\t\t\t<\/div>\n\t\t<\/div>\n\t\t\t\t\t<\/div>\n\t\t<\/section>\n\t\t\t\t<\/div>\n\t\t","protected":false},"excerpt":{"rendered":"","protected":false},"author":1,"featured_media":715,"parent":0,"menu_order":0,"comment_status":"closed","ping_status":"closed","template":"","meta":{"_acf_changed":false,"footnotes":""},"class_list":["post-425","page","type-page","status-publish","has-post-thumbnail","hentry"],"acf":[],"yoast_head":"<!-- This site is optimized with the Yoast SEO plugin v22.1 - https:\/\/yoast.com\/wordpress\/plugins\/seo\/ -->\n<title>Blog - BAHADIR HUKUK VE DANI\u015eMANLIK<\/title>\n<meta name=\"robots\" content=\"index, follow, max-snippet:-1, max-image-preview:large, max-video-preview:-1\" \/>\n<link rel=\"canonical\" href=\"https:\/\/www.vgdesignart.com\/bahadirhukuk\/blog\/\" \/>\n<meta property=\"og:locale\" content=\"tr_TR\" \/>\n<meta property=\"og:type\" content=\"article\" \/>\n<meta property=\"og:title\" content=\"Blog - BAHADIR HUKUK VE DANI\u015eMANLIK\" \/>\n<meta property=\"og:url\" content=\"https:\/\/www.vgdesignart.com\/bahadirhukuk\/blog\/\" \/>\n<meta property=\"og:site_name\" content=\"BAHADIR HUKUK VE DANI\u015eMANLIK\" \/>\n<meta property=\"article:modified_time\" content=\"2022-12-22T07:40:46+00:00\" \/>\n<meta property=\"og:image\" content=\"https:\/\/www.vgdesignart.com\/bahadirhukuk\/wp-content\/uploads\/2022\/12\/3c55d6eadd.jpeg\" \/>\n\t<meta property=\"og:image:width\" content=\"1000\" \/>\n\t<meta property=\"og:image:height\" content=\"337\" \/>\n\t<meta property=\"og:image:type\" content=\"image\/jpeg\" \/>\n<meta name=\"twitter:card\" content=\"summary_large_image\" \/>\n<meta name=\"twitter:label1\" content=\"Tahmini okuma s\u00fcresi\" \/>\n\t<meta name=\"twitter:data1\" content=\"2 dakika\" \/>\n<script type=\"application\/ld+json\" class=\"yoast-schema-graph\">{\"@context\":\"https:\/\/schema.org\",\"@graph\":[{\"@type\":\"WebPage\",\"@id\":\"https:\/\/www.vgdesignart.com\/bahadirhukuk\/blog\/\",\"url\":\"https:\/\/www.vgdesignart.com\/bahadirhukuk\/blog\/\",\"name\":\"Blog - BAHADIR HUKUK VE DANI\u015eMANLIK\",\"isPartOf\":{\"@id\":\"https:\/\/www.vgdesignart.com\/bahadirhukuk\/#website\"},\"datePublished\":\"2022-12-17T14:27:08+00:00\",\"dateModified\":\"2022-12-22T07:40:46+00:00\",\"breadcrumb\":{\"@id\":\"https:\/\/www.vgdesignart.com\/bahadirhukuk\/blog\/#breadcrumb\"},\"inLanguage\":\"tr\",\"potentialAction\":[{\"@type\":\"ReadAction\",\"target\":[\"https:\/\/www.vgdesignart.com\/bahadirhukuk\/blog\/\"]}]},{\"@type\":\"BreadcrumbList\",\"@id\":\"https:\/\/www.vgdesignart.com\/bahadirhukuk\/blog\/#breadcrumb\",\"itemListElement\":[{\"@type\":\"ListItem\",\"position\":1,\"name\":\"Anasayfa\",\"item\":\"https:\/\/www.vgdesignart.com\/bahadirhukuk\/\"},{\"@type\":\"ListItem\",\"position\":2,\"name\":\"Blog\"}]},{\"@type\":\"WebSite\",\"@id\":\"https:\/\/www.vgdesignart.com\/bahadirhukuk\/#website\",\"url\":\"https:\/\/www.vgdesignart.com\/bahadirhukuk\/\",\"name\":\"BAHADIR HUKUK VE DANI\u015eMANLIK\",\"description\":\"Hukuk iyi ve adil olan\u0131n sanat\u0131d\u0131r.\",\"publisher\":{\"@id\":\"https:\/\/www.vgdesignart.com\/bahadirhukuk\/#organization\"},\"potentialAction\":[{\"@type\":\"SearchAction\",\"target\":{\"@type\":\"EntryPoint\",\"urlTemplate\":\"https:\/\/www.vgdesignart.com\/bahadirhukuk\/?s={search_term_string}\"},\"query-input\":\"required name=search_term_string\"}],\"inLanguage\":\"tr\"},{\"@type\":\"Organization\",\"@id\":\"https:\/\/www.vgdesignart.com\/bahadirhukuk\/#organization\",\"name\":\"BAHADIR HUKUK VE DANI\u015eMANLIK\",\"url\":\"https:\/\/www.vgdesignart.com\/bahadirhukuk\/\",\"logo\":{\"@type\":\"ImageObject\",\"inLanguage\":\"tr\",\"@id\":\"https:\/\/www.vgdesignart.com\/bahadirhukuk\/#\/schema\/logo\/image\/\",\"url\":\"https:\/\/www.vgdesignart.com\/bahadirhukuk\/wp-content\/uploads\/2022\/12\/artemis.jpg\",\"contentUrl\":\"https:\/\/www.vgdesignart.com\/bahadirhukuk\/wp-content\/uploads\/2022\/12\/artemis.jpg\",\"width\":1107,\"height\":389,\"caption\":\"BAHADIR HUKUK VE DANI\u015eMANLIK\"},\"image\":{\"@id\":\"https:\/\/www.vgdesignart.com\/bahadirhukuk\/#\/schema\/logo\/image\/\"}}]}<\/script>\n<!-- \/ Yoast SEO plugin. -->","yoast_head_json":{"title":"Blog - BAHADIR HUKUK VE DANI\u015eMANLIK","robots":{"index":"index","follow":"follow","max-snippet":"max-snippet:-1","max-image-preview":"max-image-preview:large","max-video-preview":"max-video-preview:-1"},"canonical":"https:\/\/www.vgdesignart.com\/bahadirhukuk\/blog\/","og_locale":"tr_TR","og_type":"article","og_title":"Blog - BAHADIR HUKUK VE DANI\u015eMANLIK","og_url":"https:\/\/www.vgdesignart.com\/bahadirhukuk\/blog\/","og_site_name":"BAHADIR HUKUK VE DANI\u015eMANLIK","article_modified_time":"2022-12-22T07:40:46+00:00","og_image":[{"width":1000,"height":337,"url":"https:\/\/www.vgdesignart.com\/bahadirhukuk\/wp-content\/uploads\/2022\/12\/3c55d6eadd.jpeg","type":"image\/jpeg"}],"twitter_card":"summary_large_image","twitter_misc":{"Tahmini okuma s\u00fcresi":"2 dakika"},"schema":{"@context":"https:\/\/schema.org","@graph":[{"@type":"WebPage","@id":"https:\/\/www.vgdesignart.com\/bahadirhukuk\/blog\/","url":"https:\/\/www.vgdesignart.com\/bahadirhukuk\/blog\/","name":"Blog - BAHADIR HUKUK VE DANI\u015eMANLIK","isPartOf":{"@id":"https:\/\/www.vgdesignart.com\/bahadirhukuk\/#website"},"datePublished":"2022-12-17T14:27:08+00:00","dateModified":"2022-12-22T07:40:46+00:00","breadcrumb":{"@id":"https:\/\/www.vgdesignart.com\/bahadirhukuk\/blog\/#breadcrumb"},"inLanguage":"tr","potentialAction":[{"@type":"ReadAction","target":["https:\/\/www.vgdesignart.com\/bahadirhukuk\/blog\/"]}]},{"@type":"BreadcrumbList","@id":"https:\/\/www.vgdesignart.com\/bahadirhukuk\/blog\/#breadcrumb","itemListElement":[{"@type":"ListItem","position":1,"name":"Anasayfa","item":"https:\/\/www.vgdesignart.com\/bahadirhukuk\/"},{"@type":"ListItem","position":2,"name":"Blog"}]},{"@type":"WebSite","@id":"https:\/\/www.vgdesignart.com\/bahadirhukuk\/#website","url":"https:\/\/www.vgdesignart.com\/bahadirhukuk\/","name":"BAHADIR HUKUK VE DANI\u015eMANLIK","description":"Hukuk iyi ve adil olan\u0131n sanat\u0131d\u0131r.","publisher":{"@id":"https:\/\/www.vgdesignart.com\/bahadirhukuk\/#organization"},"potentialAction":[{"@type":"SearchAction","target":{"@type":"EntryPoint","urlTemplate":"https:\/\/www.vgdesignart.com\/bahadirhukuk\/?s={search_term_string}"},"query-input":"required name=search_term_string"}],"inLanguage":"tr"},{"@type":"Organization","@id":"https:\/\/www.vgdesignart.com\/bahadirhukuk\/#organization","name":"BAHADIR HUKUK VE DANI\u015eMANLIK","url":"https:\/\/www.vgdesignart.com\/bahadirhukuk\/","logo":{"@type":"ImageObject","inLanguage":"tr","@id":"https:\/\/www.vgdesignart.com\/bahadirhukuk\/#\/schema\/logo\/image\/","url":"https:\/\/www.vgdesignart.com\/bahadirhukuk\/wp-content\/uploads\/2022\/12\/artemis.jpg","contentUrl":"https:\/\/www.vgdesignart.com\/bahadirhukuk\/wp-content\/uploads\/2022\/12\/artemis.jpg","width":1107,"height":389,"caption":"BAHADIR HUKUK VE DANI\u015eMANLIK"},"image":{"@id":"https:\/\/www.vgdesignart.com\/bahadirhukuk\/#\/schema\/logo\/image\/"}}]}},"_links":{"self":[{"href":"https:\/\/www.vgdesignart.com\/bahadirhukuk\/wp-json\/wp\/v2\/pages\/425","targetHints":{"allow":["GET"]}}],"collection":[{"href":"https:\/\/www.vgdesignart.com\/bahadirhukuk\/wp-json\/wp\/v2\/pages"}],"about":[{"href":"https:\/\/www.vgdesignart.com\/bahadirhukuk\/wp-json\/wp\/v2\/types\/page"}],"author":[{"embeddable":true,"href":"https:\/\/www.vgdesignart.com\/bahadirhukuk\/wp-json\/wp\/v2\/users\/1"}],"replies":[{"embeddable":true,"href":"https:\/\/www.vgdesignart.com\/bahadirhukuk\/wp-json\/wp\/v2\/comments?post=425"}],"version-history":[{"count":59,"href":"https:\/\/www.vgdesignart.com\/bahadirhukuk\/wp-json\/wp\/v2\/pages\/425\/revisions"}],"predecessor-version":[{"id":912,"href":"https:\/\/www.vgdesignart.com\/bahadirhukuk\/wp-json\/wp\/v2\/pages\/425\/revisions\/912"}],"wp:featuredmedia":[{"embeddable":true,"href":"https:\/\/www.vgdesignart.com\/bahadirhukuk\/wp-json\/wp\/v2\/media\/715"}],"wp:attachment":[{"href":"https:\/\/www.vgdesignart.com\/bahadirhukuk\/wp-json\/wp\/v2\/media?parent=425"}],"curies":[{"name":"wp","href":"https:\/\/api.w.org\/{rel}","templated":true}]}}