{"id":414,"date":"2022-12-17T16:28:51","date_gmt":"2022-12-17T13:28:51","guid":{"rendered":"https:\/\/www.vgdesignart.com\/bahadirhukuk\/?page_id=414"},"modified":"2023-03-06T14:36:28","modified_gmt":"2023-03-06T11:36:28","slug":"hakkimizda","status":"publish","type":"page","link":"https:\/\/www.vgdesignart.com\/bahadirhukuk\/hakkimizda\/","title":{"rendered":"Hakk\u0131m\u0131zda"},"content":{"rendered":"\t\t<div data-elementor-type=\"wp-page\" data-elementor-id=\"414\" class=\"elementor elementor-414\" data-elementor-post-type=\"page\">\n\t\t\t\t\t\t<section class=\"elementor-section elementor-top-section elementor-element elementor-element-bcba636 elementor-section-full_width elementor-section-height-default elementor-section-height-default\" data-id=\"bcba636\" data-element_type=\"section\">\n\t\t\t\t\t\t\t<div class=\"elementor-background-overlay\"><\/div>\n\t\t\t\t\t\t\t<div class=\"elementor-container elementor-column-gap-default\">\n\t\t\t\t\t<div class=\"elementor-column elementor-col-33 elementor-top-column elementor-element elementor-element-25fcdb5\" data-id=\"25fcdb5\" data-element_type=\"column\" data-settings=\"{&quot;background_background&quot;:&quot;classic&quot;}\">\n\t\t\t<div class=\"elementor-widget-wrap elementor-element-populated\">\n\t\t\t\t\t\t<div class=\"elementor-element elementor-element-7ebfad4 elementor-widget elementor-widget-image\" data-id=\"7ebfad4\" data-element_type=\"widget\" data-widget_type=\"image.default\">\n\t\t\t\t<div class=\"elementor-widget-container\">\n\t\t\t<style>\/*! elementor - v3.19.0 - 28-02-2024 *\/\n.elementor-widget-image{text-align:center}.elementor-widget-image a{display:inline-block}.elementor-widget-image a img[src$=\".svg\"]{width:48px}.elementor-widget-image img{vertical-align:middle;display:inline-block}<\/style>\t\t\t\t\t\t\t\t\t\t<img decoding=\"async\" width=\"160\" height=\"69\" src=\"https:\/\/www.vgdesignart.com\/bahadirhukuk\/wp-content\/uploads\/2022\/12\/bahadir-hukuk-logo.webp\" class=\"attachment-large size-large wp-image-133\" alt=\"\" \/>\t\t\t\t\t\t\t\t\t\t\t\t\t<\/div>\n\t\t\t\t<\/div>\n\t\t\t\t\t<\/div>\n\t\t<\/div>\n\t\t\t\t<div class=\"elementor-column elementor-col-66 elementor-top-column elementor-element elementor-element-a3555be\" data-id=\"a3555be\" data-element_type=\"column\" data-settings=\"{&quot;background_background&quot;:&quot;gradient&quot;}\">\n\t\t\t<div class=\"elementor-widget-wrap elementor-element-populated\">\n\t\t\t\t\t<div class=\"elementor-background-overlay\"><\/div>\n\t\t\t\t\t\t<div class=\"elementor-element elementor-element-010f0ba elementor-widget elementor-widget-heading\" data-id=\"010f0ba\" data-element_type=\"widget\" data-widget_type=\"heading.default\">\n\t\t\t\t<div class=\"elementor-widget-container\">\n\t\t\t<style>\/*! elementor - v3.19.0 - 28-02-2024 *\/\n.elementor-heading-title{padding:0;margin:0;line-height:1}.elementor-widget-heading .elementor-heading-title[class*=elementor-size-]>a{color:inherit;font-size:inherit;line-height:inherit}.elementor-widget-heading .elementor-heading-title.elementor-size-small{font-size:15px}.elementor-widget-heading .elementor-heading-title.elementor-size-medium{font-size:19px}.elementor-widget-heading .elementor-heading-title.elementor-size-large{font-size:29px}.elementor-widget-heading .elementor-heading-title.elementor-size-xl{font-size:39px}.elementor-widget-heading .elementor-heading-title.elementor-size-xxl{font-size:59px}<\/style><h2 class=\"elementor-heading-title elementor-size-default\">Avukat Aylin BAHADIR<\/h2>\t\t<\/div>\n\t\t\t\t<\/div>\n\t\t\t\t<div class=\"elementor-element elementor-element-21447ac elementor-widget elementor-widget-image\" data-id=\"21447ac\" data-element_type=\"widget\" data-widget_type=\"image.default\">\n\t\t\t\t<div class=\"elementor-widget-container\">\n\t\t\t\t\t\t\t\t\t\t\t\t\t<img decoding=\"async\" width=\"200\" height=\"200\" src=\"https:\/\/www.vgdesignart.com\/bahadirhukuk\/wp-content\/uploads\/2022\/12\/aylin-bahadir.jpeg\" class=\"attachment-large size-large wp-image-419\" alt=\"\" srcset=\"https:\/\/www.vgdesignart.com\/bahadirhukuk\/wp-content\/uploads\/2022\/12\/aylin-bahadir.jpeg 200w, https:\/\/www.vgdesignart.com\/bahadirhukuk\/wp-content\/uploads\/2022\/12\/aylin-bahadir-150x150.jpeg 150w\" sizes=\"(max-width: 200px) 100vw, 200px\" \/>\t\t\t\t\t\t\t\t\t\t\t\t\t<\/div>\n\t\t\t\t<\/div>\n\t\t\t\t<div class=\"elementor-element elementor-element-a3be637 elementor-widget elementor-widget-text-editor\" data-id=\"a3be637\" data-element_type=\"widget\" data-widget_type=\"text-editor.default\">\n\t\t\t\t<div class=\"elementor-widget-container\">\n\t\t\t<style>\/*! elementor - v3.19.0 - 28-02-2024 *\/\n.elementor-widget-text-editor.elementor-drop-cap-view-stacked .elementor-drop-cap{background-color:#69727d;color:#fff}.elementor-widget-text-editor.elementor-drop-cap-view-framed .elementor-drop-cap{color:#69727d;border:3px solid;background-color:transparent}.elementor-widget-text-editor:not(.elementor-drop-cap-view-default) .elementor-drop-cap{margin-top:8px}.elementor-widget-text-editor:not(.elementor-drop-cap-view-default) .elementor-drop-cap-letter{width:1em;height:1em}.elementor-widget-text-editor .elementor-drop-cap{float:left;text-align:center;line-height:1;font-size:50px}.elementor-widget-text-editor .elementor-drop-cap-letter{display:inline-block}<\/style>\t\t\t\t<p>Yeditepe \u00dcniversitesi Hukuk Fak\u00fcltesi mezuniyeti sonras\u0131 Bursa Barosu nezdinde staj\u0131n\u0131 tamamlayarak avukatl\u0131k mesle\u011fine ba\u015flam\u0131\u015ft\u0131r.<\/p><p>Ticaret hukuku, ceza hukuku, idare hukuku, miras hukuku, i\u015f hukuku gibi temel hukuki alanlarda hizmet vermesinin yan\u0131 s\u0131ra; \u015firketler hukuku, e &#8211; ticaret hukuku, start up hukuku, ki\u015fisel verilerin korunmas\u0131 hukuku, fikri ve s\u0131nai haklar hukuku, rekabet hukuku, birle\u015fme ve devralmalar, vatanda\u015fl\u0131k hukuku gibi spesifik alanlarda da yerli ve yabanc\u0131 m\u00fcvekkillerine h\u0131zl\u0131, inovatif ve kal\u0131c\u0131 \u00e7\u00f6z\u00fcmler sunmaktad\u0131r.<\/p><p>Mevcut ihtilaflarda s\u00fcre\u00e7 boyu hukuki destek sunmas\u0131n\u0131n yan\u0131 s\u0131ra; \u00f6nleyici hukuk metodunu da benimseyerek m\u00fcvekkilleri ad\u0131na potansiyel hukuki riskleri ortadan kald\u0131rmay\u0131 da nihai ama\u00e7 edinmi\u015ftir.<\/p><p>\u00d6zellikle ticaret hayat\u0131nda faaliyet g\u00f6steren m\u00fcvekkillerine sadece dava a\u015famas\u0131nda de\u011fil; t\u00fcm ihtilaf s\u00fcreci boyunca dan\u0131\u015fmanl\u0131k hizmeti sunmaktad\u0131r.<\/p><p>Arabuluculuk, tahkim, 35\/A uzla\u015fmas\u0131 gibi alternatif uyu\u015fmazl\u0131k \u00e7\u00f6z\u00fcm yollar\u0131nda da etkin taraf vekilli\u011fi rol\u00fcn\u00fc \u00fcstlenerek m\u00fcvekkillerini hukuki \u00e7\u00f6z\u00fcme en h\u0131zl\u0131 \u015fekilde ula\u015ft\u0131rmaktad\u0131r.<\/p>\t\t\t\t\t\t<\/div>\n\t\t\t\t<\/div>\n\t\t\t\t\t<\/div>\n\t\t<\/div>\n\t\t\t\t\t<\/div>\n\t\t<\/section>\n\t\t\t\t<\/div>\n\t\t","protected":false},"excerpt":{"rendered":"<p>Avukat Aylin BAHADIR Yeditepe \u00dcniversitesi Hukuk Fak\u00fcltesi mezuniyeti sonras\u0131 Bursa Barosu nezdinde staj\u0131n\u0131 tamamlayarak avukatl\u0131k mesle\u011fine ba\u015flam\u0131\u015ft\u0131r. Ticaret hukuku, ceza hukuku, idare hukuku, miras hukuku, i\u015f hukuku gibi temel hukuki alanlarda hizmet vermesinin yan\u0131 s\u0131ra; \u015firketler hukuku, e &#8211; ticaret hukuku, start up hukuku, ki\u015fisel verilerin korunmas\u0131 hukuku, fikri ve s\u0131nai haklar hukuku, rekabet hukuku, [&hellip;]<\/p>\n","protected":false},"author":1,"featured_media":0,"parent":0,"menu_order":0,"comment_status":"closed","ping_status":"closed","template":"","meta":{"_acf_changed":false,"footnotes":""},"class_list":["post-414","page","type-page","status-publish","hentry"],"acf":[],"yoast_head":"<!-- This site is optimized with the Yoast SEO plugin v22.1 - https:\/\/yoast.com\/wordpress\/plugins\/seo\/ -->\n<title>Hakk\u0131m\u0131zda - BAHADIR HUKUK VE DANI\u015eMANLIK<\/title>\n<meta name=\"robots\" content=\"index, follow, max-snippet:-1, max-image-preview:large, max-video-preview:-1\" \/>\n<link rel=\"canonical\" href=\"https:\/\/www.vgdesignart.com\/bahadirhukuk\/hakkimizda\/\" \/>\n<meta property=\"og:locale\" content=\"tr_TR\" \/>\n<meta property=\"og:type\" content=\"article\" \/>\n<meta property=\"og:title\" content=\"Hakk\u0131m\u0131zda - BAHADIR HUKUK VE DANI\u015eMANLIK\" \/>\n<meta property=\"og:description\" content=\"Avukat Aylin BAHADIR Yeditepe \u00dcniversitesi Hukuk Fak\u00fcltesi mezuniyeti sonras\u0131 Bursa Barosu nezdinde staj\u0131n\u0131 tamamlayarak avukatl\u0131k mesle\u011fine ba\u015flam\u0131\u015ft\u0131r. Ticaret hukuku, ceza hukuku, idare hukuku, miras hukuku, i\u015f hukuku gibi temel hukuki alanlarda hizmet vermesinin yan\u0131 s\u0131ra; \u015firketler hukuku, e &#8211; ticaret hukuku, start up hukuku, ki\u015fisel verilerin korunmas\u0131 hukuku, fikri ve s\u0131nai haklar hukuku, rekabet hukuku, [&hellip;]\" \/>\n<meta property=\"og:url\" content=\"https:\/\/www.vgdesignart.com\/bahadirhukuk\/hakkimizda\/\" \/>\n<meta property=\"og:site_name\" content=\"BAHADIR HUKUK VE DANI\u015eMANLIK\" \/>\n<meta property=\"article:modified_time\" content=\"2023-03-06T11:36:28+00:00\" \/>\n<meta property=\"og:image\" content=\"https:\/\/www.vgdesignart.com\/bahadirhukuk\/wp-content\/uploads\/2022\/12\/bahadir-hukuk-logo.webp\" \/>\n<meta name=\"twitter:card\" content=\"summary_large_image\" \/>\n<meta name=\"twitter:label1\" content=\"Tahmini okuma s\u00fcresi\" \/>\n\t<meta name=\"twitter:data1\" content=\"2 dakika\" \/>\n<script type=\"application\/ld+json\" class=\"yoast-schema-graph\">{\"@context\":\"https:\/\/schema.org\",\"@graph\":[{\"@type\":\"WebPage\",\"@id\":\"https:\/\/www.vgdesignart.com\/bahadirhukuk\/hakkimizda\/\",\"url\":\"https:\/\/www.vgdesignart.com\/bahadirhukuk\/hakkimizda\/\",\"name\":\"Hakk\u0131m\u0131zda - BAHADIR HUKUK VE DANI\u015eMANLIK\",\"isPartOf\":{\"@id\":\"https:\/\/www.vgdesignart.com\/bahadirhukuk\/#website\"},\"datePublished\":\"2022-12-17T13:28:51+00:00\",\"dateModified\":\"2023-03-06T11:36:28+00:00\",\"breadcrumb\":{\"@id\":\"https:\/\/www.vgdesignart.com\/bahadirhukuk\/hakkimizda\/#breadcrumb\"},\"inLanguage\":\"tr\",\"potentialAction\":[{\"@type\":\"ReadAction\",\"target\":[\"https:\/\/www.vgdesignart.com\/bahadirhukuk\/hakkimizda\/\"]}]},{\"@type\":\"BreadcrumbList\",\"@id\":\"https:\/\/www.vgdesignart.com\/bahadirhukuk\/hakkimizda\/#breadcrumb\",\"itemListElement\":[{\"@type\":\"ListItem\",\"position\":1,\"name\":\"Anasayfa\",\"item\":\"https:\/\/www.vgdesignart.com\/bahadirhukuk\/\"},{\"@type\":\"ListItem\",\"position\":2,\"name\":\"Hakk\u0131m\u0131zda\"}]},{\"@type\":\"WebSite\",\"@id\":\"https:\/\/www.vgdesignart.com\/bahadirhukuk\/#website\",\"url\":\"https:\/\/www.vgdesignart.com\/bahadirhukuk\/\",\"name\":\"BAHADIR HUKUK VE DANI\u015eMANLIK\",\"description\":\"Hukuk iyi ve adil olan\u0131n sanat\u0131d\u0131r.\",\"publisher\":{\"@id\":\"https:\/\/www.vgdesignart.com\/bahadirhukuk\/#organization\"},\"potentialAction\":[{\"@type\":\"SearchAction\",\"target\":{\"@type\":\"EntryPoint\",\"urlTemplate\":\"https:\/\/www.vgdesignart.com\/bahadirhukuk\/?s={search_term_string}\"},\"query-input\":\"required name=search_term_string\"}],\"inLanguage\":\"tr\"},{\"@type\":\"Organization\",\"@id\":\"https:\/\/www.vgdesignart.com\/bahadirhukuk\/#organization\",\"name\":\"BAHADIR HUKUK VE DANI\u015eMANLIK\",\"url\":\"https:\/\/www.vgdesignart.com\/bahadirhukuk\/\",\"logo\":{\"@type\":\"ImageObject\",\"inLanguage\":\"tr\",\"@id\":\"https:\/\/www.vgdesignart.com\/bahadirhukuk\/#\/schema\/logo\/image\/\",\"url\":\"https:\/\/www.vgdesignart.com\/bahadirhukuk\/wp-content\/uploads\/2022\/12\/artemis.jpg\",\"contentUrl\":\"https:\/\/www.vgdesignart.com\/bahadirhukuk\/wp-content\/uploads\/2022\/12\/artemis.jpg\",\"width\":1107,\"height\":389,\"caption\":\"BAHADIR HUKUK VE DANI\u015eMANLIK\"},\"image\":{\"@id\":\"https:\/\/www.vgdesignart.com\/bahadirhukuk\/#\/schema\/logo\/image\/\"}}]}<\/script>\n<!-- \/ Yoast SEO plugin. -->","yoast_head_json":{"title":"Hakk\u0131m\u0131zda - BAHADIR HUKUK VE DANI\u015eMANLIK","robots":{"index":"index","follow":"follow","max-snippet":"max-snippet:-1","max-image-preview":"max-image-preview:large","max-video-preview":"max-video-preview:-1"},"canonical":"https:\/\/www.vgdesignart.com\/bahadirhukuk\/hakkimizda\/","og_locale":"tr_TR","og_type":"article","og_title":"Hakk\u0131m\u0131zda - BAHADIR HUKUK VE DANI\u015eMANLIK","og_description":"Avukat Aylin BAHADIR Yeditepe \u00dcniversitesi Hukuk Fak\u00fcltesi mezuniyeti sonras\u0131 Bursa Barosu nezdinde staj\u0131n\u0131 tamamlayarak avukatl\u0131k mesle\u011fine ba\u015flam\u0131\u015ft\u0131r. Ticaret hukuku, ceza hukuku, idare hukuku, miras hukuku, i\u015f hukuku gibi temel hukuki alanlarda hizmet vermesinin yan\u0131 s\u0131ra; \u015firketler hukuku, e &#8211; ticaret hukuku, start up hukuku, ki\u015fisel verilerin korunmas\u0131 hukuku, fikri ve s\u0131nai haklar hukuku, rekabet hukuku, [&hellip;]","og_url":"https:\/\/www.vgdesignart.com\/bahadirhukuk\/hakkimizda\/","og_site_name":"BAHADIR HUKUK VE DANI\u015eMANLIK","article_modified_time":"2023-03-06T11:36:28+00:00","og_image":[{"url":"https:\/\/www.vgdesignart.com\/bahadirhukuk\/wp-content\/uploads\/2022\/12\/bahadir-hukuk-logo.webp"}],"twitter_card":"summary_large_image","twitter_misc":{"Tahmini okuma s\u00fcresi":"2 dakika"},"schema":{"@context":"https:\/\/schema.org","@graph":[{"@type":"WebPage","@id":"https:\/\/www.vgdesignart.com\/bahadirhukuk\/hakkimizda\/","url":"https:\/\/www.vgdesignart.com\/bahadirhukuk\/hakkimizda\/","name":"Hakk\u0131m\u0131zda - BAHADIR HUKUK VE DANI\u015eMANLIK","isPartOf":{"@id":"https:\/\/www.vgdesignart.com\/bahadirhukuk\/#website"},"datePublished":"2022-12-17T13:28:51+00:00","dateModified":"2023-03-06T11:36:28+00:00","breadcrumb":{"@id":"https:\/\/www.vgdesignart.com\/bahadirhukuk\/hakkimizda\/#breadcrumb"},"inLanguage":"tr","potentialAction":[{"@type":"ReadAction","target":["https:\/\/www.vgdesignart.com\/bahadirhukuk\/hakkimizda\/"]}]},{"@type":"BreadcrumbList","@id":"https:\/\/www.vgdesignart.com\/bahadirhukuk\/hakkimizda\/#breadcrumb","itemListElement":[{"@type":"ListItem","position":1,"name":"Anasayfa","item":"https:\/\/www.vgdesignart.com\/bahadirhukuk\/"},{"@type":"ListItem","position":2,"name":"Hakk\u0131m\u0131zda"}]},{"@type":"WebSite","@id":"https:\/\/www.vgdesignart.com\/bahadirhukuk\/#website","url":"https:\/\/www.vgdesignart.com\/bahadirhukuk\/","name":"BAHADIR HUKUK VE DANI\u015eMANLIK","description":"Hukuk iyi ve adil olan\u0131n sanat\u0131d\u0131r.","publisher":{"@id":"https:\/\/www.vgdesignart.com\/bahadirhukuk\/#organization"},"potentialAction":[{"@type":"SearchAction","target":{"@type":"EntryPoint","urlTemplate":"https:\/\/www.vgdesignart.com\/bahadirhukuk\/?s={search_term_string}"},"query-input":"required name=search_term_string"}],"inLanguage":"tr"},{"@type":"Organization","@id":"https:\/\/www.vgdesignart.com\/bahadirhukuk\/#organization","name":"BAHADIR HUKUK VE DANI\u015eMANLIK","url":"https:\/\/www.vgdesignart.com\/bahadirhukuk\/","logo":{"@type":"ImageObject","inLanguage":"tr","@id":"https:\/\/www.vgdesignart.com\/bahadirhukuk\/#\/schema\/logo\/image\/","url":"https:\/\/www.vgdesignart.com\/bahadirhukuk\/wp-content\/uploads\/2022\/12\/artemis.jpg","contentUrl":"https:\/\/www.vgdesignart.com\/bahadirhukuk\/wp-content\/uploads\/2022\/12\/artemis.jpg","width":1107,"height":389,"caption":"BAHADIR HUKUK VE DANI\u015eMANLIK"},"image":{"@id":"https:\/\/www.vgdesignart.com\/bahadirhukuk\/#\/schema\/logo\/image\/"}}]}},"_links":{"self":[{"href":"https:\/\/www.vgdesignart.com\/bahadirhukuk\/wp-json\/wp\/v2\/pages\/414","targetHints":{"allow":["GET"]}}],"collection":[{"href":"https:\/\/www.vgdesignart.com\/bahadirhukuk\/wp-json\/wp\/v2\/pages"}],"about":[{"href":"https:\/\/www.vgdesignart.com\/bahadirhukuk\/wp-json\/wp\/v2\/types\/page"}],"author":[{"embeddable":true,"href":"https:\/\/www.vgdesignart.com\/bahadirhukuk\/wp-json\/wp\/v2\/users\/1"}],"replies":[{"embeddable":true,"href":"https:\/\/www.vgdesignart.com\/bahadirhukuk\/wp-json\/wp\/v2\/comments?post=414"}],"version-history":[{"count":70,"href":"https:\/\/www.vgdesignart.com\/bahadirhukuk\/wp-json\/wp\/v2\/pages\/414\/revisions"}],"predecessor-version":[{"id":1151,"href":"https:\/\/www.vgdesignart.com\/bahadirhukuk\/wp-json\/wp\/v2\/pages\/414\/revisions\/1151"}],"wp:attachment":[{"href":"https:\/\/www.vgdesignart.com\/bahadirhukuk\/wp-json\/wp\/v2\/media?parent=414"}],"curies":[{"name":"wp","href":"https:\/\/api.w.org\/{rel}","templated":true}]}}